mon divisor of 10 and b?
10
Suppose -3*r + 24 = -2*r + 2*w, 123 = 4*r - w. Calculate the highest common factor of r and 240.
30
Let z be (-7)/(-7 + 0) - 0/(-2). Let f(j) = 332*j**3 - 2*j**2 + 4*j - 1. Let k be f(z). Calculate the highest common divisor of 37 and k.
37
Suppose -5*g = -r + 41, -26 - 81 = -3*r - g. Calculate the highest common factor of r and 168.
12
Let j(k) = k**2 - 15*k - 28. Let z be j(19). Calculate the highest common factor of 30 and z.
6
Let m(g) = g**3 + 20*g**2 - 30*g - 101. Let i be m(-21). What is the highest common divisor of i and 66?
22
Let i = 3 - -15. Suppose 5*m - 32 - i = 0. Let j(k) = 2*k**2 - 5*k + 2. Let l be j(3). Calculate the highest common factor of l and m.
5
Suppose 2*s + s - 321 = 0. Let p = -71 + s. Let o be (-358)/(-12) + 6/p. What is the greatest common factor of 45 and o?
15
Let g = -183 - -193. Calculate the greatest common divisor of g and 370.
10
Suppose s - 5*g = 4*s - 6, -4*s + 4*g + 8 = 0. Suppose 4 = -s*i + 10. Calculate the highest common divisor of 3 and i.
3
Let x be 9 + -7 + 14 + 101. Calculate the highest common divisor of x and 39.
39
Suppose -17*q = -3*l + 656, -2*l - q = 34 - 496. Suppose 3*y - 171 - 105 = 0. Calculate the greatest common divisor of l and y.
46
Let f be ((-118)/4)/1*(0 - -2). Let b = f + 63. Calculate the highest common factor of b and 4.
4
Let u(o) = 8*o**2 - 409*o + 115. Let a be u(51). Suppose -j + 32 = j. What is the greatest common divisor of j and a?
16
Let p(c) = c + 10. Let x be p(-5). Suppose 14 = g + g + 5*r, -x*r + 18 = 4*g. Suppose 0 = 4*m + m - 10. Calculate the highest common divisor of m and g.
2
Let w be 2/((-3)/24*-4) + 46. What is the highest common divisor of 75 and w?
25
Suppose 91 + 21 = 16*h. What is the greatest common factor of h and 56?
7
Suppose 3*p - 6 = 3. Let t(o) = p*o + o**3 - 4*o**2 - 8*o + 2*o. Let x be t(6). Calculate the greatest common divisor of x and 135.
27
Suppose 0 = -42*x + 12*x + 4050. Calculate the highest common divisor of x and 195.
15
Suppose -i + 0*i + 5*g = 0, 0 = 3*i + 5*g - 80. Calculate the greatest common divisor of 2740 and i.
20
Let v be (-4)/8*-6 + 23. Let h be 1/(3/v)*3. Calculate the greatest common divisor of 65 and h.
13
Let l(z) = -z**3 + 16*z**2 - 29*z + 18. Let v be l(14). Suppose -2*w = -v*w + 3*j + 174, -5*j = -3*w + 262. What is the greatest common divisor of 7 and w?
7
Suppose b = q + 4*b - 81, 4*q - 345 = -5*b. Suppose v = 5*l - 2*l - 99, 0 = -3*l + 4*v + q. Calculate the highest common factor of 51 and l.
17
Suppose -295 = -8*d + 17. What is the greatest common divisor of d and 143?
13
Let w(m) = 10 - m + 30 - 31*m + 7. Let j be w(-5). What is the highest common divisor of 23 and j?
23
Let s(i) = -2*i. Let x be s(-4). Suppose 2*q - q - 4 = 0. Suppose 0 = -h - q*p + 72, -2*h + 2*p + 188 = h. What is the greatest common factor of x and h?
8
Let w(r) = 55*r**2 + 3*r - 2. Let x be w(1). Suppose -4*g + x = -2*g. What is the highest common divisor of 14 and g?
14
Let u = -146 - -229. Suppose -u + 33 = -5*s. Let g = 0 + 4. What is the highest common factor of s and g?
2
Suppose -h + 2*h = 43. Suppose 926 = -5*c + 951, 0 = -5*w + 3*c + 845. What is the highest common divisor of w and h?
43
Let n be (-2 - (-4 + 1)) + 9. Suppose -1 + n = 3*t. Suppose -3*s + s = -t*g - 8, 5*g = 2*s - 8. Calculate the greatest common factor of s and 32.
4
Suppose -z + 103*d - 108*d + 73 = 0, -4*z + 3*d + 177 = 0. Let b be (-238)/(-10) - 2/(-10). Calculate the greatest common factor of z and b.
24
Let f(b) = -16*b. Let c(r) = 6*r - 1. Let h be c(1). Suppose -2 = h*d - 3*d. Let q be f(d). What is the greatest common divisor of 176 and q?
16
Let t = 616 - 304. Calculate the highest common factor of t and 39.
39
Let d be 5 - (-11)/4 - (-1)/4. What is the highest common factor of d and 136?
8
Let h = 9 - -31. Suppose 0 = 7*s + 2*s - 666. Let v = -14 + s. Calculate the highest common divisor of v and h.
20
Let i be 1/(-2) + 35/14. Calculate the greatest common divisor of 7 and i.
1
Let s = 23 + -12. Let g be (44/(-6))/((-10)/30). Suppose j = -j + g. Calculate the greatest common divisor of j and s.
11
Let g = -452 - -1441. Calculate the highest common factor of 23 and g.
23
Let q(f) = f - 5. Let m be q(7). Suppose -y = m - 5. Suppose 5*u - 42 = -y*w + 2*w, 0 = -4*w - 3*u + 219. Calculate the greatest common factor of w and 38.
19
Let x(k) be the first derivative of k**3/3 + 4*k**2 + 13*k - 13. Let j be x(-7). Calculate the greatest common factor of j and 42.
6
Suppose 0 = -4*s - 2*u + 6*u + 112, -4*s - 5*u = -76. Let c = s + -5. What is the highest common divisor of c and 19?
19
Let m = -14 - -18. Suppose 5*a = 4*a + m*q + 304, -3*a + 967 = -q. What is the greatest common divisor of 36 and a?
36
Suppose -2*t - 3*b + 249 = 0, 66*b = -5*t + 71*b + 685. Calculate the greatest common factor of t and 352.
44
Let i be 2*1*(-8)/(-4). Suppose i*a + b - 272 = a, -3*b = a - 96. Let h be (50/35)/(6/42). What is the highest common factor of h and a?
10
Suppose -18480 - 41071 = -31*d. What is the highest common factor of 113 and d?
113
Let o(i) = 6*i**2 + i - 17. Let p be o(3). Calculate the greatest common factor of p and 250.
10
Suppose 5*h + j = 78, h - j = -4*j + 24. Suppose 0 = 3*s - h + 6. Suppose -16 = m - s*m + k, 6 = -m + 4*k. Calculate the greatest common factor of m and 70.
10
Let i be 41 + 0 + (6 - 9). Suppose i = 4*k - 410. What is the highest common divisor of k and 7?
7
Let p = -7 + 12. Suppose -18 - 1 = 3*d + 5*b, -9 = -2*d + b. Suppose 4*h = 3*j - 125, -2*j + 0*j + d*h = -80. What is the greatest common divisor of j and p?
5
Suppose 0 = -2*v - 2 + 54. Suppose -36 = -3*z + 243. Let p be 3*(z/7 - (-4)/(-14)). Calculate the greatest common factor of p and v.
13
Suppose -z = 3*j - 158, 4*j = 8*j + 4. Let u be (z/3 - 0) + (-24)/(-72). Calculate the greatest common factor of u and 72.
18
Suppose -332 - 64 = -4*c. Calculate the highest common divisor of 11 and c.
11
Suppose 3*d - 5*c - 58 = 0, -3*c - c = 3*d - 40. What is the highest common divisor of 912 and d?
16
Let z(a) = 10*a - 5. Let y be z(-2). Let m = y + 37. Let b = 33 - -15. Calculate the greatest common divisor of b and m.
12
Suppose 4*b - 239 = 9. Let g = 98 - b. What is the greatest common divisor of g and 27?
9
Let c(m) = -10*m - 142. Let z be c(-15). Let x(l) = -l**3 + l**2 - l. Let p be x(-2). Let f be 2/7 + 1004/p. What is the highest common divisor of z and f?
8
Let y = -36 - -40. Suppose -3*p + p = y, 5*p + 127 = 3*b. What is the greatest common divisor of b and 26?
13
Suppose n + 3*n = 288. Let b = -3 + 3. Suppose v + b*v = n. Calculate the highest common divisor of v and 12.
12
Let d(j) = -2*j**2 - 47*j - 56. Let x be d(-22). Calculate the highest common factor of x and 25.
5
Let a be 29 + (-5)/(-5)*-1. Suppose -d + a = d. What is the highest common divisor of 112 and d?
14
Let i(f) = f**2 + 6*f + 6. Let h be i(-9). What is the greatest common factor of 99 and h?
33
Suppose -2*i + 524 = -4*q, -3*i - 9*q + 793 = -8*q. What is the highest common factor of 72 and i?
24
Suppose 6*a - 708 = 1002. Calculate the greatest common factor of a and 15.
15
Suppose 0 = 4*x - 7 - 9. Suppose -3*y - 259 = -5*c, 4*y + 62 = x*c - 3*c. What is the highest common divisor of c and 20?
10
Suppose 3*k = -4*h + 5159, k = -5*h + 2281 + 4176. Let m be 2/5 + 3/(60/h). What is the highest common factor of m and 26?
13
Let h = 463 - 379. What is the highest common factor of 189 and h?
21
Suppose 5 + 1 = m. Suppose 8*w = m*w + 8. What is the greatest common factor of 2 and w?
2
Let n(f) = 13*f**3 - 7*f**2 - f + 9. Let l be n(4). What is the highest common factor of l and 25?
25
Let p(c) = c - 3. Let o be p(7). Suppose -m = -o*m + 297. Suppose 3*w = 4*w + 3*z - 30, -5*w + 2*z + m = 0. Calculate the highest common divisor of w and 189.
21
Suppose -2*t - 50 = 3*t. Let w be (t/(-8))/((-2)/(-16)). Suppose 0 = 14528*u - 14527*u - 2. Calculate the highest common factor of w and u.
2
Let z(u) = -u. Let i be z(-14). Let k be (-8)/10*(-315)/i. What is the greatest common divisor of k and 99?
9
Suppose k + 0*k = 4*s - 56, 0 = -3*k + 12. Suppose -4*d = s - 63. Suppose f + 0 = u - 12, 4*u - 3*f - 48 = 0. Calculate the highest common divisor of d and u.
12
Suppose 4*m - 16 = 5*m. Let h = 22 + m. Let v = h